1) to base 8
11070226
Convert -5165b (base 13) to base 9.
-242354
Convert -1437620 (base 8) to base 9.
-683636
161420 (base 12) to base 14
9ac2c
What is -13790 (base 10) in base 6?
-143502
Convert 118189 (base 13) to base 4.
1211332300
-966086 (base 10) to base 3
-1211002012222
-2432530 (base 6) to base 14
-34db8
-220221112011222 (base 3) to base 4
-302210210213
2027002 (base 8) to base 6
15253442
Convert -5162625 (base 7) to base 13.
-189546
What is 156c6 (base 13) in base 15?
c0ec
What is -e2c0 (base 16) in base 10?
-58048
-2403503 (base 6) to base 9
-210723
Convert -505775 (base 8) to base 3.
-22110221211
Convert 310221 (base 5) to base 4.
2131031
Convert -68a10 (base 16) to base 12.
-188014
2b909 (base 13) to base 12
3bb17
103302211300 (base 4) to base 13
10c84c3
Convert ac110 (base 13) to base 14.
81a8c
322233101021 (base 4) to base 8
72572111
Convert -15525401 (base 6) to base 14.
-106841
12159b (base 15) to base 14
187491
Convert 10051003 (base 6) to base 14.
7665d
What is -1001110010111001011011 (base 2) in base 15?
-35ac4b
Convert 232313231230 (base 4) to base 11.
6a32304
212110 (base 4) to base 8
4624
153202b (base 12) to base 3
22002020210022
Convert 7054647 (base 9) to base 14.
6dacdb
-baa1a (base 13) to base 15
-6a189
What is 10655454 (base 7) in base 5?
220011330
848203 (base 10) to base 3
1121002111221
137452 (base 13) to base 6
14050134
503550 (base 10) to base 16
7aefe
115a067 (base 13) to base 14
9d860a
Convert 134655 (base 10) to base 7.
1100403
-1b489c (base 13) to base 11
-435795
101100011111000011000 (base 2) to base 4
11203320120
What is cd4c6 (base 15) in base 6?
21552353
What is -173573 (base 9) in base 13?
-39cb7
-221512100 (base 6) to base 11
-2297086
Convert 5345444 (base 6) to base 14.
6bc0c
Convert -101112012222111 (base 3) to base 8.
-25256334
1059b29 (base 12) to base 9
5754686
What is -50a935 (base 11) in base 2?
-11001000000111101100
Convert 1824c4 (base 16) to base 15.
213c51
What is -110001100111111101000 (base 2) in base 13?
-44c1a9
What is 132322435 (base 6) in base 15?
372005
-8b898 (base 14) to base 4
-1102310032
What is -1045500330 (base 6) in base 5?
-10414012401
What is 1473b45 (base 12) in base 2?
1111110001000110100101
1476401 (base 9) to base 2
11000111110001010111
Convert -11000101100011001001 (base 2) to base 9.
-1462857
What is 10001111 (base 3) in base 11?
1745
-2101021010002 (base 3) to base 11
-794378
Convert -2f5812 (base 16) to base 11.
-182a151
Convert 2111222122010 (base 3) to base 9.
2458563
13321311 (base 4) to base 15
98d3
122555 (base 10) to base 12
5ab0b
Convert -4d5c52 (base 14) to base 4.
-22023011200
16b3c7 (base 14) to base 7
6536140
What is 2045526 (base 7) in base 9?
415583
What is -4b10a (base 14) in base 13?
-65a10
-44731 (base 11) to base 5
-4033034
What is 2653521 (base 7) in base 11?
219598
What is -13bd8f (base 16) in base 2?
-100111011110110001111
What is 1010001001000111 (base 2) in base 7?
232055
What is 112631 (base 7) in base 8?
47362
6207724 (base 11) to base 3
202121220120100
What is 112233110232 (base 4) in base 5?
3011223011
Convert 1220113320 (base 4) to base 5.
102140022
What is 1272 (base 11) in base 7?
4550
Convert -481b2 (base 12) to base 8.
-275426
What is 4055204 (base 6) in base 4?
233123110
What is -1101110100001001010 (base 2) in base 15?
-8e1dc
What is -111101001101100000010 (base 2) in base 7?
-23022463
What is -182780 (base 9) in base 10?
-113634
Convert 333124200 (base 5) to base 9.
2662055
Convert -21131022222 (base 4) to base 11.
-1443370
What is 14401130 (base 7) in base 12?
558098
What is -4c49c (base 13) in base 14?
-3976d
Convert -443557 (base 9) to base 3.
-111110121221
What is -454626 (base 7) in base 16?
-13c17
What is -286275 (base 14) in base 3?
-2122010100110
Convert -2274887 (base 10) to base 5.
-1040244022
Convert 4041676 (base 8) to base 4.
10010032332
-1000011001000010011010 (base 2) to base 3
-11010202102121
Convert 100320402 (base 5) to base 7.
3261060
What is 10222122040 (base 5) in base 9?
22177144
Convert -17139a8 (base 12) to base 4.
-102020323100
What is 5024336 (base 8) in base 2?
101000010100011011110
Convert 792752 (base 11) to base 16.
134464
What is 26a1077 (base 13) in base 2?
101110011011000001000001
Convert 11200011110202 (base 3) to base 6.
125120502
Convert -33221022 (base 4) to base 15.
-13eb9
Convert 2174658 (base 13) to base 2.
100111000010101101011001
Convert 131011312 (base 4) to base 14.
315d4
What is -414110 (base 6) in base 11?
-23029
-330241141 (base 5) to base 16
-159803
-1676204 (base 10) to base 8
-6311654
What is 261e48 (base 15) in base 8?
6764345
What is -410430044 (base 5) in base 11?
-a30498
Convert -5213141 (base 6) to base 7.
-2063206
-31012112 (base 5) to base 12
-10124b
Convert -27621 (base 9) to base 6.
-222414
Convert dcb749 (base 15) to base 2.
101000000111111010000000
-63174 (base 12) to base 6
-2441024
Convert 3099355 (base 12) to base 14.
13065c5
Convert 213252361 (base 7) to base 14.
199d631
-945bd5 (base 15) to base 2
-11010111010110000101001
297a85 (base 12) to base 4
2222121011
Convert -1489f8 (base 16) to base 2.
-101001000100111111000
-72804 (base 10) to base 11
-4a776
1222210201110 (base 3) to base 16
1028d9
35136640 (base 7) to base 2
1011110001001111010000
What is 2772387 (base 10) in base 3?
12012212000000
-1011033010 (base 4) to base 12
-118144
-396053 (base 14) to base 3
-10201101020001
Convert 221211020012 (base 3) to base 11.
317973
-3940554 (base 12) to base 10
-11281168
What is 152517 (base 8) in base 11?
38033
Convert 520633 (base 8) to base 12.
83963
Convert -215017 (base 9) to base 4.
-133111000
Convert 156655043 (base 7) to base 6.
1021222535
Convert -27200a (base 12) to base 5.
-131140112
Convert 1363029 (base 16) to base 7.
334534506
Convert 2311132131 (base 4) to base 2.
10110101011110011101
-122211312 (base 4) to base 8
-324566
Convert -431908 (base 11) to base 14.
-13d935
What is 134232 (base 6) in base 10?
12620
-998826 (base 11) to base 5
-401432442
Convert -2cc1a (base 15) to base 10.
-144475
What is 5057802 (base 9) in base 8?
12221123
Convert 3c4219 (base 15) to base 5.
1220241344
Convert -12222021000 (base 3) to base 16.
-1cb36
Convert -1210221330 (base 4) to base 15.
-82259
What is -a51462 (base 11) in base 10?
-1685598
What is -10011111100001111001 (base 2) in base 7?
-5361024
Convert -452727 (base 9) to base 14.
-70acb
What is -55602d (base 16) in base 11?
-3181819
Convert 41599 (base 11) to base 5.
3414413
Convert 1002112112 (base 3) to base 16.
541d
Convert 117511a (base 12) to base 5.
1331420044
240804 (base 9) to base 5
14114434
Convert -11202212121 (base 3) to base 15.
-1cc84
Convert -2646cb (base 13) to base 9.
-1657338
Convert 723462 (base 8) to base 6.
5044214
-1062345 (base 7) to base 13
-48669
What is -11011021 (base 4) in base 11?
-146a8
54425 (base 8) to base 4
11210111
-2221002011201 (base 3) to base 14
-2c7378
ba76 (base 14) to base 2
111110111111000
-10122021101102 (base 3) to base 6
-105243102
What is 4a0255 (base 12) in base 5?
301444131
Convert 41134 (base 5) to base 4.
221231
434b986 (base 12) to base 8
60633666
What is -40b07 (base 12) in base 16?
-14a37
What is 144a569 (base 13) in base 15?
875cbc
What is 42215563 (base 7) in base 15?
4a707a
What is 1838208 (base 11) in base 2?
1011111000011100100110
What is -884606 (base 9) in base 8?
-2007640
Convert -2043234004 (base 5) to base 9.
-8034151
Convert 10022021020 (base 3) to base 2.
1111111000110100
Convert -1002266 (base 8) to base 11.
-16a94a
Convert -a64134 (base 13) to base 8.
-16664060
What is -5453133 (base 6) in base 2?
-1000010010011010001
What is 11245342 (base 6) in base 5?
42123132
What is 5540b (base 15) in base 6?
5450115
2010100112021 (base 3) to base 13
306a99
Convert 5e1ab (base 15) to base 10.
300761
-322cb (base 14) to base 13
-432a4
What is 101333231002 (base 4) in base 7?
55045201
Convert -7bd2ca (base 16) to base 9.
-16237474
Convert -46466 (base 12) to base 11.
-64664
What is -30204250 (base 6) in base 10?
-856326
Convert -3101200131 (base 4) to base 13.
-24079b
Convert -20222001 (base 3) to base 6.
-35301
What is -494961 (base 12) in base 9?
-2213621
What is -31027624 (base 8) in base 3?
-110100120120001
What is -1100010000111011010100 (base 2) in base 16?
-31